 Let j(n) = 5*c(n) + u(n). Calculate the remainder when j(2) is divided by 10.
8
Suppose -59*y + 66*y - 154 = 0. Let a = 5 + -11. Let n(q) = -2*q - 6. Calculate the remainder when y is divided by n(a).
4
Suppose -2*c + 7 = -y - 89, 5*c - y = 237. Let l(a) = 2*a**2 - 3*a + 4. Calculate the remainder when c is divided by l(4).
23
What is the remainder when 1/((-3)/(-261)) - 2 is divided by 22?
19
Let y be 6/(-4)*(-14)/21. What is the remainder when 4 is divided by y/(-1) - 1 - -5?
1
Let r = 28 - 16. Calculate the remainder when r is divided by 8.
4
Suppose 0*g = -g + 4. Suppose 8 = -g*m + 32. Suppose 0 = 4*d - m - 10. Calculate the remainder when 6 is divided by d.
2
What is the remainder when 25 is divided by 4/14 + 122/14?
7
Let u = 117 - 12. Calculate the remainder when u is divided by 18.
15
Let t = -19 + 12. Let a = t - 22. Let n = 55 + a. What is the remainder when n is divided by 7?
5
Suppose -3*z = 2*z - 225. What is the remainder when z is divided by 10?
5
Suppose 8 = -c + 3, -11 = -l + 2*c. Let t = -4 - -7. Calculate the remainder when 18/4 + l/2 is divided by t.
2
Let b(x) = x + 15. Let a be b(0). Let c = 13 + a. What is the remainder when c is divided by 15?
13
Let w(c) = c + 10. Let i be (-2)/(-1) + (4 - 2). Calculate the remainder when w(0) is divided by (-112)/(-20) - i/(-10).
4
Let t = 6 + -4. Suppose -2*s + 30 = t*s - 5*v, -4*s - 2*v + 44 = 0. Let k(p) = -29*p - 1. Calculate the remainder when k(-1) is divided by s.
8
Let l = -37 + 188. Suppose 2*m = -4*s - 2*m + 196, -3*s = 2*m - l. Calculate the remainder when s is divided by 18.
17
Suppose -14 = -n + 1. Let a = 88 + -79. What is the remainder when n is divided by a?
6
Suppose 19*d - 18*d - 7 = 0. What is the remainder when 33 is divided by d?
5
Let r(s) = -38*s**3 + 2*s**2 - 1. Let w be r(1). Let u = 59 + w. Suppose -3*v = 4*d - u, 2*v = 5*d - 43 + 4. What is the remainder when d is divided by 4?
3
Calculate the remainder when (-2)/(-1) - -14 - -2 is divided by ((-32)/(-2))/(-4) - -15.
7
Suppose -7 + 2 = r + d, -d = -5*r + 5. Suppose 0 = -3*f - t + 27, r = -4*f - 2*t - t + 36. What is the remainder when ((-6 + -96)/(-6))/(1 + 0) is divided by f?
8
Let y(a) = -a**2 + 10*a + 3. Suppose 2*j - 17 = -j - 2*l, 0 = 2*j - 5*l - 43. What is the remainder when y(7) is divided by j?
6
Let q = 0 + 4. What is the remainder when ((-4)/3 - -1)*-27 is divided by q?
1
Let u = 85 - 32. Suppose q = 2*n - 40, q - 86 = -5*n - 0*q. Calculate the remainder when u is divided by n.
17
Suppose -23*i + 39 = -20*i. What is the remainder when 51 is divided by i?
12
Let g(i) = 36*i**2 + 2*i + 1. What is the remainder when g(-1) is divided by 19?
16
Calculate the remainder when ((-155)/10)/((-2)/4) is divided by 11.
9
Suppose v = -0*v + 7. Let g = -39 + 58. What is the remainder when g is divided by v?
5
What is the remainder when -1*64*25/(-20) is divided by 12?
8
Calculate the remainder when (-1 - (-16)/28) + (-1462)/(-14) is divided by 21.
20
Suppose -t = -8 - 19. Calculate the remainder when t is divided by 14.
13
Let c be (-3)/((-1 + -3)/4). Suppose c*z - 42 = 3*v, -4*z + 14 + 18 = 4*v. Calculate the remainder when 42 is divided by z.
9
Suppose 0 = 5*c + 5*b - 180, -26 = -5*c + 4*c + b. What is the remainder when c is divided by 7?
3
Let x(d) = 2*d**2 - d - 3. Let a be x(2). Suppose -1 = a*s - 28. Calculate the remainder when 26 is divided by s.
8
Suppose -2*r + 2 - 8 = 0. Let u be 0*((-9)/(-6))/r. What is the remainder when u/(-2 + 1) - -22 is divided by 8?
6
Calculate the remainder when (-23)/(-3 - 32/(-12)) is divided by 18.
15
Suppose 7 + 9 = -4*j. Let d = j + 5. Let n = d + 5. Calculate the remainder when 11 is divided by n.
5
Let f be 10/(-25) + (-44)/(-10). Suppose -5*a + 5*i - i = -61, -a - f*i = 7. What is the remainder when 25 is divided by a?
7
Let k(r) be the third derivative of -r**5/60 - r**4/2 + 4*r**3/3 - r**2. What is the remainder when 22 is divided by k(-12)?
6
Suppose g + g = 0. Let v(n) = n**3 + n + 20. Calculate the remainder when 59 is divided by v(g).
19
Suppose 2 = k - 2*g - 2, 5*k - 4*g = 32. Calculate the remainder when 9 is divided by k/(-12) + (-17)/(-3).
4
Suppose -4*q = -n - 2 - 6, 0 = -2*q + 8. Let l(p) = 3*p**2 + 5*p + 2. Calculate the remainder when l(-4) is divided by n.
6
Suppose -74 + 18 = -4*t. Let j = 44 - -21. Suppose 3*u = 55 + j. What is the remainder when u is divided by t?
12
Let g = -103 - -106. What is the remainder when 4 is divided by g?
1
Let y = -5 + 4. Calculate the remainder when 13 is divided by (-1 + y)/((-10)/35).
6
Let c(k) be the third derivative of k**6/60 - k**5/15 - k**3/3 - k**2. What is the remainder when 62 is divided by c(3)?
14
Let g(c) = c**3 - 15*c**2 + 2*c - 20. Let p be g(15). Suppose 4*u = 0, 3*u - 24 = -2*w - p. Calculate the remainder when 27 is divided by w.
6
Suppose 0 = -7*u - u + 248. Suppose -2*x - 3*c = -29, -1 = -0*c + c. Calculate the remainder when u is divided by x.
15
Let i be 5 - (-6 + 3 + 3). What is the remainder when 9 is divided by (i - -1) + 1*-2?
1
Suppose 4*z + 26 - 62 = 0. Suppose 5*u = 2*w - 18, 3*w = -4*u + 3 - 22. Calculate the remainder when 23 - w*6/3 is divided by z.
7
Suppose -12 = -5*l + 4*a, 4*a = 3*l + 3*a - 10. Suppose 0 = l*c - 9 - 3. Calculate the remainder when 38/4*6/c is divided by 7.
5
Let b = 51 + -22. Let k = -15 + b. Calculate the remainder when 27 is divided by k.
13
Suppose -4 = -5*y + m, -4*m = y + y + 16. Suppose y*z = -z + 1. Calculate the remainder when 35 is divided by 8 - z*(2 + -3).
8
Let a = -17 - -25. Calculate the remainder when 15 is divided by a.
7
Let s(m) = m + 8. What is the remainder when 15 is divided by s(-2)?
3
Suppose 3*o - 5*c - 6 = 7, 5*o - 3*c + 5 = 0. Let a = o - -14. What is the remainder when 29 is divided by a?
9
Let w = 19 + -2. Calculate the remainder when 0 - 3/((-6)/100) is divided by w.
16
Let j(u) = -7*u - 3. Let x(i) = -i**3 - 2*i**2 - 4. Suppose -6*n = -8*n - 6. Calculate the remainder when j(-3) is divided by x(n).
3
Let j(w) = w**3 + 5*w**2 - 9*w - 8. Let h be -6*(0/(-1) + 1). Calculate the remainder when j(-6) is divided by ((-6)/9)/(1/h).
2
Calculate the remainder when 1*28/(-7)*173/(-4) is divided by 29.
28
Let z(f) = f - 8. Calculate the remainder when z(16) is divided by 5.
3
Let k = -14 + 2. Let t = 10 - k. What is the remainder when t is divided by (-1)/4 + 98/8?
10
Let t = 20 - 12. Let o = -53 + 68. What is the remainder when o is divided by t?
7
Let b(r) = 2*r**2 + 7*r. What is the remainder when 43 is divided by b(-5)?
13
Let d(m) = m**3 - 4*m**2 + 8*m - 10. What is the remainder when d(4) is divided by 12?
10
Let p(g) = 3*g**2 + g + 5. What is the remainder when p(-4) is divided by 26?
23
Suppose 0 = -4*x + 34 + 78. Suppose 3*i = -n + 80, n - x = -0*i - i. What is the remainder when i is divided by 9?
8
Let k(q) = -q**2 + 8*q + 8. Let d = 12 + -5. Calculate the remainder when 43 is divided by k(d).
13
Suppose -3*f + 19 + 2 = 0. Let j(r) = -r + 20. Suppose -4 - 8 = 3*o, -h - 2*o - 8 = 0. Calculate the remainder when j(h) is divided by f.
6
Suppose 2*h - 410 = -4*a, 2*a - 14 - 211 = -5*h. Suppose -a = -4*j - 0*j. Let w = -8 + 17. What is the remainder when j is divided by w?
7
Let o(d) = -4*d - 6. Calculate the remainder when 28 is divided by o(-4).
8
Let o = 150 + -23. Calculate the remainder when o is divided by 26.
23
Let i(y) = 4*y**2 - 2*y - 7. Let u be i(-5). Suppose -3*m = 3*n - 2*n + u, 5*m + 3*n + 165 = 0. Let s = m - -53. Calculate the remainder when s is divided by 6.
5
Let p = 5 - -5. Suppose p*t = 4*t + 90. Calculate the remainder when 42 is divided by t.
12
Let x(u) be the first derivative of -u**3/3 + 4*u**2 + 6*u + 4. Let o = -6 + 13. What is the remainder when x(o) is divided by 8?
5
Suppose 9*z - 4*z - 125 = 0. Let f = -9 - -16. Suppose 43 = 4*d + f. Calculate the remainder when z is divided by d.
7
Suppose 101 = -n + 4*n - s, -n - 4*s = -51. Calculate the remainder when n is divided by 19.
16
Let a = 56 - 52. What is the remainder when 26 is divided by a?
2
Suppose 40 = 6*q - 32. Let k = 4 + -1. Suppose -2*t + 115 = k*t. What is the remainder when t is divided by q?
11
Let m(a) = a**3 - 2*a**2 + 11. What is the remainder when m(0) is divided by 4?
3
Let b = -720 - -757. Let x(l) = -3*l + 1. What is the remainder when b i